rmine d(-13).
74
Let z(m) = 4226*m - 29541. What is z(7)?
41
Let r(s) = -45*s**3 + s**2 - 13*s - 15. What is r(-1)?
44
Let f(b) = -b**3 - 5*b**2 + 784*b + 3144. Give f(-4).
-8
Let z(s) = -1851*s + 12754. Give z(7).
-203
Let f(t) = -t**3 - 12*t**2 + 122*t + 788. What is f(-5)?
3
Let o(d) = -d**3 + 20*d**2 - 50*d - 8. Give o(17).
9
Let t(l) = 48*l - 171. Calculate t(5).
69
Let n(w) = 4*w**2 + 50*w - 42. Calculate n(-13).
-16
Let y(p) = -5*p**2 - 327*p - 1361. What is y(-61)?
-19
Let g(d) = d**3 - 24*d**2 + 141*d - 18. Calculate g(14).
-4
Let l(h) = 393*h + 3909. Give l(-10).
-21
Let n(m) = m**2 + 134*m - 5808. Calculate n(-169).
107
Let b(h) = 7*h**2 - 176*h + 10. Determine b(25).
-15
Let x(j) = -2*j**2 - 7*j + 72. Give x(5).
-13
Let c(v) = -v**2 + 50*v - 125. Determine c(40).
275
Let s(w) = 64*w + 4729. Determine s(-74).
-7
Let o(c) = -53*c + 2813. Give o(52).
57
Let g(t) = -t**2 + 17*t + 982. Determine g(41).
-2
Let j(x) = -40315*x - 443468. Give j(-11).
-3
Let t(j) = -5*j**2 + 220*j + 1752. Determine t(-8).
-328
Let z(d) = -2615*d - 13069. Determine z(-5).
6
Let r(s) = -s**2 - 2*s + 206. Give r(15).
-49
Let x(t) = 5*t**2 - 68*t + 198. Determine x(5).
-17
Let i(m) = -m**2 + 39*m - 10. What is i(39)?
-10
Let m(a) = -4*a - 3. Determine m(2).
-11
Let r(i) = 45*i - 3048. Give r(67).
-33
Let r(p) = 6*p**3 - 20*p**2 - 42*p. Determine r(-4).
-536
Let z(m) = -67*m - 277. What is z(-4)?
-9
Let a(o) = -o**2 + 262*o + 8778. Calculate a(-30).
18
Let u(c) = 41*c + 354. Determine u(1).
395
Let r(a) = a**3 + 18*a**2 + 56*a + 35. Determine r(-16).
-349
Let t(k) = -k**2 - 155*k - 5906. Give t(-68).
10
Let p(l) = 6*l**2 - 445*l - 2276. Calculate p(79).
15
Let x(n) = -6*n**2 - 6*n + 97. What is x(11)?
-695
Let w(g) = 3*g - 307. Calculate w(-72).
-523
Let u(x) = -48*x + 6. What is u(1)?
-42
Let f(w) = 2*w**3 + 54*w**2 + 48*w - 11. Calculate f(-26).
93
Let m(f) = 30*f - 104. Determine m(4).
16
Let t(m) = 4*m**2 + 24*m + 84. What is t(-5)?
64
Let k(r) = 2*r**2 - 101*r - 345. What is k(55)?
150
Let u(c) = -c**3 - 16*c**2 + 901*c + 13732. Give u(-15).
-8
Let q(o) = -2*o**3 + 148*o**2 + 464*o - 163. What is q(77)?
-9
Let a(d) = 22*d**3 + 9*d**2 - 2*d - 15. Calculate a(3).
654
Let p(i) = 2*i**3 - 50*i**2 + 7*i - 177. What is p(25)?
-2
Let c(n) = 2*n**2 + 128*n - 997. Calculate c(7).
-3
Let y(v) = -4*v + 35. Calculate y(-18).
107
Let k(w) = 6*w - 17. Give k(-34).
-221
Let x(t) = 2*t**3 - 7*t**2 - 165*t + 741. Determine x(5).
-9
Let x(q) = -11*q + 151. Give x(34).
-223
Let j(s) = 2*s**2 - 22*s + 8. What is j(11)?
8
Let t(f) = -f**2 + 393*f - 3099. What is t(8)?
-19
Let y(o) = -o**3 + 309*o**2 + 540*o + 25504. Calculate y(311).
2
Let z(k) = k**3 + 15*k**2 - 36*k - 35. Determine z(-17).
-1
Let a(w) = w**3 - 31*w**2 + 197*w - 85. What is a(20)?
-545
Let b(s) = -3*s**2 + 515*s + 2571. What is b(-5)?
-79
Let o(b) = -b**2 - b + 113. Calculate o(21).
-349
Let f(d) = -82*d - 1024. Give f(-10).
-204
Let c(i) = 2*i**3 + 184*i**2 + 180*i - 184. Determine c(-91).
-2
Let g(z) = -127*z**2 - 140*z - 8. What is g(-1)?
5
Let q(i) = -i**2 - 27*i + 170. Calculate q(-34).
-68
Let b(q) = 500*q**2 - 93*q + 1. Calculate b(1).
408
Let b(u) = 10*u**3 + 92*u**2 + 8*u + 19. Determine b(-9).
109
Let c(q) = 122*q**2 + 3*q + 1. Calculate c(-1).
120
Let m(c) = -36*c**3 - 1583*c**2 + 38*c - 269. Determine m(-44).
-5
Let l(f) = f**2 + 112*f + 999. What is l(-10)?
-21
Let q(r) = r**3 + 19*r**2 + 47*r + 57. What is q(-16)?
73
Let u(o) = -2*o**2 - 16*o + 2. Determine u(10).
-358
Let g(s) = 6*s**2 - 223*s + 1824. Determine g(25).
-1
Let f(u) = 3*u**2 - 528*u - 5574. Determine f(-10).
6
Let l(u) = -u**2 + 23*u + 87. Give l(-3).
9
Let c(r) = 2*r**3 - 73*r**2 - 117*r + 116. Calculate c(38).
2
Let g(a) = -a**2 + 28*a + 181. Calculate g(34).
-23
Let w(g) = 18*g + 432. Determine w(-30).
-108
Let w(d) = -4*d**2 + 78*d + 50. Determine w(20).
10
Let r(y) = y**3 + 20*y**2 - 44*y - 27. Give r(-22).
-27
Let k(j) = 2*j**3 - j**2 + 13*j - 31. Calculate k(2).
7
Let s(u) = -10*u**3 + 102*u**2 - 5*u - 24. Calculate s(10).
126
Let k(a) = -47*a**2 - 131*a - 1. Calculate k(-2).
73
Let b(t) = t**3 + 19*t**2 + 38*t - 11. Calculate b(-16).
149
Let a(j) = -j**2 + j + 2977. Give a(56).
-103
Let z(j) = 274*j**2 + 10*j + 11. Determine z(-1).
275
Let u(g) = -g**3 - 40*g**2 + 35*g - 268. Calculate u(-41).
-22
Let z(x) = -x**2 - x - 214. What is z(0)?
-214
Let f(t) = t**2 + 762*t - 2293. Determine f(3).
2
Let i(l) = -2*l**2 + 54*l - 30. What is i(23)?
154
Let j(a) = -a**2 - 41*a + 1747. Give j(-67).
5
Let d(j) = j**3 + 3*j**2 - 15*j - 1. Give d(-8).
-201
Let w(n) = 3*n**3 - 124*n**2 - 82*n - 30. What is w(42)?
54
Let g(m) = -120*m + 586. Determine g(4).
106
Let a(m) = -m**3 + 61*m**2 - 374*m - 273. Determine a(54).
-57
Let b(w) = -w**3 + w**2 + 5*w + 7. Determine b(3).
4
Let v(l) = -l**2 - 34*l + 711. What is v(-45)?
216
Let i(r) = -1026*r - 76945. Calculate i(-75).
5
Let g(y) = -y**3 + 17*y**2 + 15*y - 376. Calculate g(17).
-121
Let x(m) = 166*m + 18267. Calculate x(-110).
7
Let x(g) = -24126*g - 24131. Determine x(-1).
-5
Let o(c) = -c**3 + 14*c**2 + 7*c + 6. Calculate o(8).
446
Let a(j) = -11*j + 43. Give a(3).
10
Let z(u) = u**2 + 227*u - 36175. Give z(108).
5
Let l(y) = -y**2 + 2085*y + 2. Determine l(0).
2
Let h(t) = -3*t**3 + 18*t**2 - 4*t - 31. Determine h(7).
-206
Let h(q) = 21*q - 14. Determine h(0).
-14
Let j(f) = f**2 - 81*f + 1568. What is j(39)?
-70
Let x(w) = -w**3 - 18*w**2 + 357*w - 84. Calculate x(-30).
6
Let n(j) = -3*j**2 + 241*j - 325. What is n(79)?
-9
Let a(n) = 2*n**2 - 393*n - 1437. What is a(200)?
-37
Let c(m) = 5*m**3 - 239*m**2 - 40*m - 381. What is c(48)?
3
Let c(d) = -3*d**2 + 174*d - 117. Give c(57).
54
Let y(p) = -6*p**2 + 46*p - 109. Determine y(11).
-329
Let g(c) = -22*c**2 - 73*c + 364. Calculate g(-6).
10
Let r(f) = 18*f + 589. Determine r(-34).
-23
Let j(s) = s**3 - 11*s**2 - s + 26. Give j(5).
-129
Let a(x) = -2*x**3 + 52*x**2 + 51*x + 91. What is a(27)?
10
Let z(n) = -3*n**3 + 13*n**2 - 4*n - 2. Determine z(4).
-2
Let d(r) = 21*r**2 + 60*r - 1. What is d(-3)?
8
Let k(y) = -y**3 + 4*y**2 - 7*y + 91. Calculate k(6).
-23
Let d(m) = m**2 + 28*m - 163. Give d(-35).
82
Let w(z) = 19*z - 274. Give w(13).
-27
Let i(o) = -119*o - 372. Give i(-6).
342
Let m(v) = -267*v - 3211. Determine m(-12).
-7
Let f(z) = -84*z - 16123. Give f(-192).
5
Let b(t) = 5*t**2 + 37*t + 345. Calculate b(-9).
417
Let f(j) = -374*j - 1122. Calculate f(-3).
0
Let q(m) = 2*m**2 + 115*m - 285. What is q(-60)?
15
Let h(b) = b**3 - 2*b**2 + 5*b - 29. Determine h(3).
-5
Let s(h) = -h**3 - 14*h**2 - 57*h - 240. What is s(-11)?
24
Let p(u) = -u**3 + 3*u**2 - 579*u + 1155. Determine p(2).
1
Let r(x) = 111*x**2 + 1430*x - 156. Give r(-13).
13
Let p(q) = q**3 - 6*q**2 - 1029*q + 8111. Determine p(8).
7
Let s(k) = -k**3 + 37*k**2 + k - 178. Determine s(37).
-141
Let k(u) = 1425*u + 2865. Calculate k(-2).
15
Let k(n) = n**3 - 88*n**2 - 71*n - 1574. Give k(89).
28
Let c(y) = -y**3 + 10*y**2 + 229*y - 2468. What is c(13)?
2
Let j(t) = -38*t**2 + t - 8. Give j(0).
-8
Let b(z) = -3016*z - 3. Calculate b(0).
-3
Let g(j) = -j**3 + 20*j**2 + 101*j + 26. Determine g(24).
146
Let n(f) = 167*f**2 - 2507*f + 39. Determine n(15).
9
Let h(n) = n**3 - 10*n**2 - 40*n + 3. Determine h(13).
-10
Let b(g) = 21*g**2 + 2*g. Calculate b(-3).
183
Let m(a) = -a**2 - 227*a - 1074. Calculate m(-5).
36
Let o(x) = -50*x - 625. Determine o(-13).
25
Let w(t) = -874*t**2 - 4349*t + 108. Determine w(-5).
3
Let t(h) = h**3 + 7*h**2 - 28*h - 153. Determine t(-6).
51
Let p(d) = -d**2 + 20*d + 33. What is p(19)?
52
Let z(g) = -84*g - 930. Calculate z(-11).
-6
Let o(c) = 21*c**2 - 28*c - 11. Give o(2).
17
Let n(z) = 747*z - 5971. Calculate n(8).
5
Let k(v) = 25*v - 81. Give k(5).
44
Let x(g) = -3*g**2 - 62*g - 63. Give x(-19).
32
Let m(l) = -l**3 - 8*l**2 - 7*l - 9. What is m(-4)?
-45
Let p(u) = -5*u**3 + 3*u**2 + 3871*u - 3874. Give p(1).
-5
Let x(r) = -r**3 + 6*r**2 + 38*r - 23. What is x(11)?
-210
Let p(d) = 24*d - 162. Give p(-7).
-330
Let m(b) = 11*b**3 - 122*b**2 + 23*b - 95. Give m(11).
37
Let s(n) = -n**3 + 3*n**2 + 1261*n - 87. Give s(37).
24
Let n(o) = 4*o**2 - 13*o + 34. Determine n(8).
186
Let a(k) = -5*k**2 - 108*k - 106. Calculate a(-20).
54
Let g(u) = 2188*u - 